or of 19435 and 6261060.
1495
Calculate the highest common divisor of 5103 and 16700661.
729
Calculate the highest common divisor of 2644 and 20444730.
1322
Calculate the greatest common factor of 288 and 89905392.
144
What is the highest common divisor of 297 and 2224017?
27
Calculate the greatest common divisor of 566826 and 4882.
2
What is the highest common factor of 86448011 and 254?
127
Calculate the greatest common factor of 136929716 and 344.
172
Calculate the greatest common factor of 47111228 and 615884.
7796
Calculate the highest common divisor of 224 and 163192.
8
What is the highest common factor of 752775544 and 688?
344
What is the highest common factor of 5705 and 17744995?
815
Calculate the greatest common factor of 416788 and 899.
29
Calculate the highest common divisor of 2251386 and 29070.
342
Calculate the greatest common divisor of 12190 and 46920.
230
What is the greatest common factor of 829839255 and 735?
735
What is the highest common divisor of 610 and 4449860?
10
Calculate the greatest common divisor of 16281 and 11334591.
603
Calculate the highest common factor of 166419 and 5577.
33
What is the greatest common factor of 1048800 and 27075?
1425
What is the greatest common factor of 5998824 and 264?
24
What is the highest common divisor of 19817 and 35033625?
2831
Calculate the greatest common divisor of 82393284 and 156.
12
What is the greatest common factor of 4241694 and 749?
107
Calculate the highest common divisor of 131340 and 250939.
199
Calculate the greatest common factor of 251552 and 256816.
112
What is the highest common factor of 9622982 and 4462?
194
What is the greatest common factor of 40 and 114639060?
20
Calculate the greatest common divisor of 5963 and 13725888.
67
Calculate the greatest common divisor of 639 and 14612013.
639
What is the greatest common divisor of 370 and 1095465?
5
What is the highest common factor of 64 and 55291992?
8
Calculate the greatest common divisor of 1431 and 436806.
27
What is the highest common divisor of 78589 and 85967?
7
Calculate the highest common factor of 2594520 and 270.
90
What is the greatest common divisor of 350464 and 17797?
1369
What is the highest common divisor of 52758 and 131364?
18
Calculate the highest common factor of 180762 and 478554.
282
Calculate the highest common factor of 2619 and 110192.
97
What is the greatest common divisor of 469 and 7938763?
469
What is the highest common divisor of 664895 and 4522385?
5495
What is the greatest common divisor of 903927945 and 475?
95
Calculate the highest common divisor of 42531334 and 8.
2
What is the greatest common divisor of 1144526 and 1702?
46
Calculate the highest common divisor of 38464294 and 1364.
22
What is the greatest common divisor of 945 and 35335269?
9
Calculate the highest common divisor of 9 and 214519.
1
What is the greatest common divisor of 127463 and 5365367?
917
Calculate the highest common divisor of 962064 and 2052.
108
What is the greatest common divisor of 1266761640 and 8136?
2712
Calculate the highest common divisor of 64176 and 107142.
42
Calculate the highest common divisor of 28618125 and 7500.
1875
Calculate the greatest common factor of 2675451 and 3.
3
What is the highest common divisor of 1122823 and 3393?
13
What is the greatest common factor of 117642 and 16914?
6
Calculate the greatest common factor of 290 and 425655.
5
What is the highest common factor of 87899 and 35728?
203
Calculate the greatest common factor of 1397 and 2944117.
11
What is the highest common divisor of 45103760 and 806?
806
Calculate the greatest common factor of 53404 and 1625104.
676
Calculate the greatest common divisor of 135514044 and 104856.
3084
Calculate the highest common factor of 212 and 2603413.
53
Calculate the greatest common factor of 2595 and 10379135.
865
What is the greatest common factor of 8495911 and 2965?
593
Calculate the greatest common factor of 13617 and 368424.
153
What is the highest common factor of 608 and 19197856?
32
What is the greatest common factor of 16997 and 56903?
739
Calculate the highest common factor of 272 and 780776.
136
Calculate the greatest common factor of 1341894 and 114.
114
Calculate the highest common factor of 4545 and 27221823.
909
What is the greatest common factor of 61708310 and 46?
46
What is the highest common divisor of 2390006 and 1566?
58
Calculate the highest common factor of 71657586 and 1001.
1001
Calculate the greatest common factor of 482 and 8896274.
482
Calculate the greatest common factor of 127306 and 9653638.
2402
What is the highest common factor of 57628721 and 5217?
1739
What is the greatest common divisor of 18326 and 3128510?
2618
What is the highest common factor of 101147299 and 3245?
649
What is the greatest common divisor of 64147 and 100717?
23
What is the greatest common factor of 469431166 and 34?
34
What is the highest common factor of 15032204 and 33?
11
Calculate the greatest common divisor of 18 and 53731035.
9
What is the greatest common factor of 9775731 and 1785?
357
What is the greatest common factor of 44 and 107322237?
11
Calculate the greatest common divisor of 7068 and 392388.
228
Calculate the highest common divisor of 418527206 and 18965.
3793
What is the greatest common factor of 6656 and 45670144?
3328
Calculate the greatest common factor of 1496 and 23901864.
136
Calculate the greatest common divisor of 119546757 and 9207.
3069
What is the highest common factor of 56 and 62881420?
28
What is the greatest common divisor of 7176 and 61338056?
2392
Calculate the greatest common factor of 101508 and 112684.
44
What is the highest common divisor of 1160 and 1779320?
40
What is the highest common divisor of 130468 and 1158?
386
What is the greatest common divisor of 20731921 and 1267?
1267
Calculate the highest common divisor of 1380415236 and 12.
12
Calculate the greatest common factor of 30 and 4949655.
15
Calculate the greatest common divisor of 1786 and 2104706.
38
Calculate the greatest common factor of 21540296 and 8.
8
What is the greatest common factor of 43185628 and 690?
46
Calculate the highest common divisor of 39606216 and 72.
24
Calculate the highest common factor of 273649 and 782.
17
What is the highest common divisor of 443264943 and 99?
33
Calculate the greatest common factor of 2164559 and 187.
17
Calculate the greatest common divisor of 300 and 225319350.
150
What is the highest common divisor of 701392 and 334176?
944
What is the greatest common factor of 9895137 and 1337?
1337
What is the greatest common divisor of 486851 and 354880?
1109
Calculate the highest common divisor of 534 and 8345975.
89
Calculate the greatest common divisor of 2583150 and 3720.
30
What is the greatest common factor of 168076350 and 3925?
3925
Calculate the greatest common factor of 1070901325 and 11450.
5725
Calculate the greatest common divisor of 3660 and 1115260.
20
Calculate the greatest common factor of 187941 and 17004039.
3081
What is the highest common factor of 5092101 and 1834?
917
What is the highest common factor of 3540 and 1206314?
118
Calculate the highest common divisor of 104 and 193592841.
13
Calculate the greatest common factor of 5360350 and 9400.
2350
What is the highest common divisor of 509464 and 7138?
86
What is the highest common factor of 12416599 and 338?
169
Calculate the highest common divisor of 156 and 58766721.
39
What is the highest common factor of 140 and 3237850?
70
Calculate the highest common divisor of 46513 and 522451.
193
What is the highest common factor of 1044078 and 77742?
42
What is the greatest common factor of 418 and 3794034?
38
What is the highest common divisor of 5607222 and 6?
6
What is the highest common factor of 5040 and 5186790?
630
Calculate the greatest common divisor of 12122 and 45683.
11
What is the highest common divisor of 3036 and 14048078?
506
Calculate the greatest common factor of 980 and 597398480.
140
What is the highest common divisor of 2271 and 34550237?
757
Calculate the greatest common factor of 384174 and 672.
42
What is the greatest common factor of 26725530 and 290?
290
Calculate the highest common factor of 4628 and 77904192.
356
What is the highest common factor of 39776527 and 7?
7
What is the highest common facto